{"id":2406,"date":"2014-04-15T07:00:35","date_gmt":"2014-04-15T01:30:35","guid":{"rendered":"http:\/\/www.tarshi.net\/inplainspeak?page_id=2406"},"modified":"2014-07-14T12:08:23","modified_gmt":"2014-07-14T06:38:23","slug":"april-tech","status":"publish","type":"page","link":"https:\/\/www.tarshi.net\/inplainspeak\/april-tech\/","title":{"rendered":"Innovations Corner &#8211; April"},"content":{"rendered":"<p><b><a href=\"https:\/\/tarshi.net\/inplainspeak\/wp-content\/uploads\/2014\/04\/tech-corner.jpg\"><img class=\"size-full wp-image-2414 alignleft\" style=\"border: 1px solid black;\" alt=\"tech corner\" src=\"https:\/\/tarshi.net\/inplainspeak\/wp-content\/uploads\/2014\/04\/tech-corner.jpg\" width=\"225\" height=\"225\" srcset=\"https:\/\/www.tarshi.net\/inplainspeak\/wp-content\/uploads\/2014\/04\/tech-corner.jpg 225w, https:\/\/www.tarshi.net\/inplainspeak\/wp-content\/uploads\/2014\/04\/tech-corner-150x150.jpg 150w\" sizes=\"(max-width: 225px) 100vw, 225px\" \/><\/a>The most basic form of technology is helping women all around the world!<\/b><\/p>\n<p><b><\/b>A list\u00a0safe abortion hotlines in Ecuador, Chile, Peru, Venezuela, Argentina, Pakistan, Indonesia, Kenya, Thailand and Morocco\u00a0that\u00a0<a href=\"http:\/\/www.womenonwaves.org\/en\/page\/2583\/in-collection\/2604\/safe-abortion-hotlines\" target=\"_blank\">Women on Waves<\/a>\u00a0has supported the launch of.\u00a0This information is based on research by the World Health Organisation and providing it is legally protected by the constitution and basic human rights agreements. If you click on the links below you can read more about these campaigns.<\/p>\n<div>\n<p>Women with unwanted pregnancies who need help can get information about the best use of misoprostol for a safe abortion through safe abortion hotlines. At this moment there are safe abortion hotlines in:<\/p>\n<h3><strong><span style=\"color: #99cc00;\">AFRICA<\/span><\/strong><\/h3>\n<p><strong>Kenya<\/strong><\/p>\n<p>To reach Aunty Jane, call:<\/p>\n<p>0727 101919 &#8211; Safaricom<\/p>\n<p>0737 101919 &#8211; Airtel<\/p>\n<p>0755 101919 &#8211; Yu<\/p>\n<p>0771 101919 \u2013 Orange<\/p>\n<p>0753 700352 &#8211; Yu<\/p>\n<p><strong>Malawi\u00a0<\/strong><\/p>\n<p>Aunty Jane hotline hotline gives sexual and reproductive health information including information on the safe use of misoprostol.<\/p>\n<p>The hotline can be reached at: (+265) (0) 884 773 300 or text\u00a0 (0) 884 773 310<br \/>\n<a href=\"http:\/\/auntyjanehotlinemalawi.weebly.com\/\">http:\/\/auntyjanehotlinemalawi.weebly.com\/<\/a><\/p>\n<p>Morocco:<\/p>\n<p>Tel: (212) 0633234333<\/p>\n<h3><span style=\"color: #99cc00;\"><strong>ASIA<\/strong><\/span><\/h3>\n<p><strong>Bangladesh:<\/strong><\/p>\n<p>\u201c<strong>Naribandhob\u201d\u00a0<\/strong>hotline can be reached at 088-01853-892424.<\/p>\n<p>Indonesia:<\/p>\n<p>*Safe Abortion Hotline*<\/p>\n<p>(+62) 81 9889 240<br \/>\n(+62) 878 3955 5100<br \/>\n(+62) 857 2929 5100<\/p>\n<p>Monday to Friday<br \/>\n10.00-17.00 WIB<br \/>\nEmail : samsara.konseling@gmail.com<\/p>\n<p>Website:<strong>\u00a0<a href=\"http:\/\/www.samsara.or.id\/\">www.samsara.or.id<\/a><\/strong><\/p>\n<p><strong>don&#8217;t use misoprostolhotline.blogspot.nl\/\u00a0\u00a0they are fake and scam!!<\/strong><\/p>\n<p><strong>Pakistan<\/strong>:<\/p>\n<p>0307 &#8211; 494 07 07 \u2013 (Urdu and penjabi)<br \/>\n0315 &#8211; 917 04 08 \u2013 (Urdu and pachto)<\/p>\n<p>03159473366 (Urdu)<\/p>\n<p>03159473399 (Siraki) .<\/p>\n<p>These mobile phones\u00a0services for 24\/7 days.<\/p>\n<p><strong>Thailand<\/strong><\/p>\n<p>Safe Abortion Thailand<\/p>\n<p>\u0e28\u0e39\u0e19\u0e22\u0e4c\u0e23\u0e31\u0e1a\u0e1b\u0e23\u0e36\u0e01\u0e29\u0e32\u0e1b\u0e31\u0e0d\u0e2b\u0e32\u0e17\u0e49\u0e2d\u0e07\u0e44\u0e21\u0e48\u0e1e\u0e23\u0e49\u0e2d\u0e21<\/p>\n<p>083 99 44 212\u00a0 8 \u0e42\u0e21\u0e07 \u0e16\u0e36\u0e07 10 \u0e42\u0e21\u0e07\u0e40\u0e0a\u0e49\u0e32<br \/>\n089 006 3948\u00a0 \u0e1a\u0e48\u0e32\u0e22\u0e42\u0e21\u0e07\u0e04\u0e23\u0e36\u0e48\u0e07 \u2013 \u0e2a\u0e35\u0e48\u0e42\u0e21\u0e07\u0e04\u0e23\u0e36\u0e48\u0e07 \u0e17\u0e38\u0e01\u0e27\u0e31\u0e19<br \/>\n084 46 34 647 \u0e08\u0e31\u0e19\u0e17\u0e23\u0e4c \u2013 \u0e2d\u0e31\u0e07\u0e04\u0e32\u0e23 \u0e40\u0e27\u0e25\u0e32 6 \u0e42\u0e21\u0e07\u0e40\u0e22\u0e47\u0e19 \u2013 4 \u0e17\u0e38\u0e48\u0e21<br \/>\n086 517 0544 6 \u0e42\u0e21\u0e07\u0e40\u0e22\u0e47\u0e19 \u0e16\u0e36\u0e07 \u0e2a\u0e32\u0e21\u0e17\u0e38\u0e48\u0e21\u00a0 \u0e27\u0e31\u0e19\u0e1e\u0e38\u0e18 \u2013 \u0e28\u0e38\u0e01\u0e23\u0e4c<\/p>\n<p>email : mychoice4mylife@gmail.com<br \/>\nwebsite :\u00a0<a href=\"http:\/\/www.womenonwaves.org\/en\/page\/2583\/in-collection\/2604\/tamtang.wordpress.com\">tamtang.wordpress.com<\/a><\/p>\n<p>083 99 44 212:\u00a0 8-10 am daily<br \/>\n089 006 3948:\u00a0 13.00 &#8211; 16.30 daily<br \/>\n084 46 34 647:\u00a0 6pm &#8211; 10 pm Mon-Tues<br \/>\n086 517 0544:\u00a0 6pm &#8211; 9 pm Wed-Sun<\/p>\n<p>email : mychoice4mylife@gmail.com<br \/>\nwebsite :\u00a0<a href=\"http:\/\/www.womenonwaves.org\/en\/page\/2583\/in-collection\/2604\/tamtang.wordpress.com\">tamtang.wordpress.com<\/a><\/p>\n<h3><span style=\"color: #99cc00;\">EUROPE<\/span><\/h3>\n<p><strong>Poland<\/strong><\/p>\n<p>If you need information about medical abortion and support, call from Monday to Friday between 10.00 and 20.00:<\/p>\n<p>(0048) 725 892 134 (Plus)<br \/>\n(0048) 503 937 745 (Orange)<br \/>\n(0048) 730 861 724 (Play)<\/p>\n<p>For more information visit:\u00a0<a href=\"http:\/\/www.womenonweb.info\/\">www.womenonweb.info<\/a><\/p>\n<p><a href=\"https:\/\/www.facebook.com\/pages\/Kobiety-w-Sieci\/282948898401840\">https:\/\/www.facebook.com\/pages\/Kobiety-w-Sieci\/282948898401840<\/a><\/p>\n<p><a href=\"http:\/\/mojaaborcja.blog.pl\/\">http:\/\/mojaaborcja.blog.pl\/<\/a><\/p>\n<p><strong>Polish<\/strong><br \/>\nOsoby poszukuj\u0105ce informacji dotycz\u0105cych aborcji medycznej oraz wsparcia mog\u0105 kontaktowa\u0107 si\u0119 z infolini\u0105 telefonicznie od poniedzialku do piatku od 10.00 do 20.00:<\/p>\n<p>(0048) 725 892 134 (Plus)<br \/>\n(0048) 503 937 745 (Orange)<br \/>\n(0048) 730 861 724 (Play)<br \/>\nWi\u0119cej informacji:\u00a0<a href=\"http:\/\/www.womenonweb.info\/\">www.womenonweb.info<\/a><\/p>\n<p><a href=\"https:\/\/www.facebook.com\/pages\/Kobiety-w-Sieci\/282948898401840\">https:\/\/www.facebook.com\/pages\/Kobiety-w-Sieci\/282948898401840<\/a><\/p>\n<p>http:\/\/mojaaborcja.blog.pl\/<\/p>\n<h3><span style=\"color: #99cc00;\">South America<\/span><\/h3>\n<p><strong>Argentina<\/strong>:<\/p>\n<p><a href=\"http:\/\/informacionaborto.blogspot.nl\/\">http:\/\/informacionaborto.blogspot.nl\/<\/a><\/p>\n<p><a href=\"http:\/\/www.abortoconpastillas.info\/\">http:\/\/www.abortoconpastillas.info\/<\/a><\/p>\n<p>(011) 156 664 7070<\/p>\n<p><strong>Chile:<\/strong><\/p>\n<p><a href=\"http:\/\/abortoinformacionsegura.blogspot.nl\/\">http:\/\/abortoinformacionsegura.blogspot.nl<\/a><\/p>\n<p><a href=\"http:\/\/infoabortochile.org\/\">http:\/\/infoabortochile.org\/<\/a><\/p>\n<p>88918590<\/p>\n<p><strong>Ecuador<\/strong>:<\/p>\n<p><a href=\"http:\/\/jovenesdespenalizacionaborto.wordpress.com\/\">jovenesdespenalizacionaborto.wordpress.com<\/a><\/p>\n<p>593098301317<\/p>\n<p><strong>Peru<\/strong>:<\/p>\n<p><a href=\"http:\/\/lineabortoinfosegura.blogspot.nl\/\">http:\/\/lineabortoinfosegura.blogspot.nl\/<\/a><\/p>\n<p>01945411951<\/p>\n<p><strong>Venezuela:<\/strong><\/p>\n<p><a href=\"http:\/\/infoseguraborto.blogspot.nl\/\">http:\/\/infoseguraborto.blogspot.nl\/<\/a><\/p>\n<p>0426 1169496<\/p>\n<\/div>\n","protected":false},"excerpt":{"rendered":"<p>The most basic form of technology is helping women all around the world! A list\u00a0safe abortion hotlines in Ecuador, Chile,&#8230;<\/p>\n","protected":false},"author":5,"featured_media":0,"parent":0,"menu_order":0,"comment_status":"closed","ping_status":"closed","template":"","meta":{"footnotes":""},"class_list":["post-2406","page","type-page","status-publish"],"_links":{"self":[{"href":"https:\/\/www.tarshi.net\/inplainspeak\/wp-json\/wp\/v2\/pages\/2406","targetHints":{"allow":["GET"]}}],"collection":[{"href":"https:\/\/www.tarshi.net\/inplainspeak\/wp-json\/wp\/v2\/pages"}],"about":[{"href":"https:\/\/www.tarshi.net\/inplainspeak\/wp-json\/wp\/v2\/types\/page"}],"author":[{"embeddable":true,"href":"https:\/\/www.tarshi.net\/inplainspeak\/wp-json\/wp\/v2\/users\/5"}],"replies":[{"embeddable":true,"href":"https:\/\/www.tarshi.net\/inplainspeak\/wp-json\/wp\/v2\/comments?post=2406"}],"version-history":[{"count":13,"href":"https:\/\/www.tarshi.net\/inplainspeak\/wp-json\/wp\/v2\/pages\/2406\/revisions"}],"predecessor-version":[{"id":3357,"href":"https:\/\/www.tarshi.net\/inplainspeak\/wp-json\/wp\/v2\/pages\/2406\/revisions\/3357"}],"wp:attachment":[{"href":"https:\/\/www.tarshi.net\/inplainspeak\/wp-json\/wp\/v2\/media?parent=2406"}],"curies":[{"name":"wp","href":"https:\/\/api.w.org\/{rel}","templated":true}]}}